at is the remainder when 298 is divided by y(-3)?
70
Suppose -4*m + 632 - 288 = 0. What is the remainder when m is divided by 30?
26
Suppose 0 = -0*p - 3*p - 75. Let i = -19 - p. What is the remainder when 13 is divided by i?
1
Suppose 8 = 480*s - 476*s. Calculate the remainder when 188 is divided by s.
0
Let u(q) = -3*q**2 - 6*q - 13. Let b(z) = 7*z**2 + 11*z + 26. Let v(m) = 2*b(m) + 5*u(m). Calculate the remainder when 4 is divided by v(-5).
0
Let g be 7 - (6 + -2) - (-108 - 1). Suppose k - u = 42, 0 = 5*k + 3*u + g - 346. Calculate the remainder when k is divided by 24.
21
Let v be ((-44)/16)/((-2)/16). Suppose 80 = 5*g + 5*f, 5*g + v = 3*f + 118. Calculate the remainder when g is divided by 7.
4
Suppose -16 = -6*u - 2*u. Calculate the remainder when u is divided by 2.
0
Let n(v) = 87*v**2 + 2*v. Calculate the remainder when n(1) is divided by 6.
5
Calculate the remainder when (-29)/(-464) - 1534/(-32) is divided by 33.
15
Suppose -h - 4*h + 10 = 0. Let y be 255/7 - 3/(105/(-20)). Suppose h*a = a + y. Calculate the remainder when a is divided by 13.
11
Suppose -7*n + 34 = 2*i - 3*n, -68 = -4*i + 4*n. Calculate the remainder when i is divided by 7.
3
Let v(h) = h**2 + 13*h - 6. Let r be v(-15). Let j = -16 + r. What is the remainder when (-13)/(1/((-3)/3)) is divided by j?
5
Let s(j) = -j - 14. Let l be s(-12). Let z = 55 - l. Let h(i) = -2*i**3 - 12*i**2 - 4*i - 4. Calculate the remainder when z is divided by h(-6).
17
Calculate the remainder when 1087 is divided by 38 - (8 + -8 - -6).
31
Let i(t) = t**3 - 3*t**2 - t - 4. Let p be i(4). Calculate the remainder when 1/(285/(-145) + 0 + 2) is divided by 17 + 2 + p/(-2).
14
Let b = 447 - 172. Suppose 5*p - 2*v = 275, 2*p + 3*p - b = 3*v. What is the remainder when p is divided by (-2 + 21)*((-2)/(-2))/1?
17
What is the remainder when 236 is divided by 28/(-3)*108/(-21)?
44
Suppose 111 = 5*n - 39. Calculate the remainder when n is divided by (-60)/(-9)*(2 - (-2)/5).
14
Let h = 695 - 680. What is the remainder when 1 + 0 + -2 - -89 is divided by h?
13
Let j be (21/15)/(4/260). Suppose -5*v + 99 + j = 0. Let q = -69 - -182. What is the remainder when q is divided by v?
37
Let b(z) = -z**2 + 8*z + 8. Calculate the remainder when 20 is divided by b(0).
4
Let s be 32/12*(-54)/(-3). Suppose 0 = p - 5*p + s. Suppose 2*t + 1 - 21 = -2*d, 2*t = 2*d + p. What is the remainder when t is divided by 3?
2
Let o = 181 - 118. Calculate the remainder when 119 is divided by o.
56
Let p(u) = 279*u + 5. Let t be p(5). Calculate the remainder when ((-1)/(-2))/((5 + 2)/t) is divided by 26.
22
Let u be -5*(0 - 4/5). Suppose 0 = u*n + 1 + 7. Let i(m) = -9*m + 1. Calculate the remainder when 73 is divided by i(n).
16
Suppose 4*f - 10 = -f. Suppose b = -f + 10. Suppose 48*o - 780 = -12*o. Calculate the remainder when o is divided by b.
5
Let g = -46 + 43. Calculate the remainder when 50 is divided by 3/((7/g)/(-7)).
5
Suppose 4*m - 13 + 5 = 0. Let y be (-3)/(-6)*-6 + 4. Calculate the remainder when y - (m + 0 - 27) is divided by 14.
12
Let b(r) = r**3 - 3*r**2 - 8*r + 26. Calculate the remainder when 71 is divided by b(5).
35
Let x be -3*15/27*27. What is the remainder when 34 is divided by (-550)/x + 4/(-18)?
10
Let g(z) = -z**3 - 14*z**2 - 19*z - 32. What is the remainder when 1149 is divided by g(-13)?
45
Calculate the remainder when 99 is divided by 377/58*(3 - -1)*1.
21
Let k be (4/(-5))/((-6)/15). Let x be 7/2 - 9/(-18). Suppose -55 = -q - p, q - x*q - k*p = -168. What is the remainder when q is divided by 30?
28
Let q = -388 - -422. What is the remainder when q is divided by 28?
6
Let k be 2 - (-4 + 4 + 4). Calculate the remainder when 84 + k + -2 + 12/4 is divided by 29.
25
Let w(b) = -2*b**3 + 16*b**2 - 10*b + 12. What is the remainder when 564 is divided by w(6)?
84
Let b = 142 + -32. Suppose -93 = -7*y + b. Calculate the remainder when y is divided by 10.
9
Let d be 5/(1*(-3)/21). Let l be (42/d)/((-2)/70). Let u = l - 26. What is the remainder when 61 is divided by u?
13
Let b(n) = n**2 + 4*n + 10. What is the remainder when b(4) is divided by 9?
6
Let j = -287 - -539. Suppose 4*z = 10*z - j. What is the remainder when z is divided by 15?
12
Suppose -3*n + 3*b + 30 = 0, 3*n + 3*b + 3 - 21 = 0. What is the remainder when n is divided by 3?
2
Suppose 388 = 3*w - w. Suppose 4*z = z. Suppose -5*r - 2*q + q + 328 = 0, z = -3*r - 2*q + w. What is the remainder when r is divided by 17?
15
Let g be (3/(-12))/(5/(-20)). Let r(a) = 24*a. Calculate the remainder when r(g) is divided by 13.
11
Suppose -33*g + 39*g - 198 = 0. Calculate the remainder when 197 is divided by g.
32
Suppose 0 = -2*s + 3*q - 6*q + 18, -2*q - 4 = 0. Suppose 4*i + 4*f = s, 0 = 4*f - 2*f. What is the remainder when i is divided by 3?
0
Let p be 2200/48 - (-1)/6. Suppose -i + 72 = p. What is the remainder when i is divided by 20?
6
Let j(i) = i**2 + 17*i + 6. What is the remainder when 89 is divided by j(-18)?
17
Let r = -269 + 285. What is the remainder when r is divided by 4?
0
Calculate the remainder when (31*12/(-9))/(4/(-12)) is divided by 24.
4
Suppose 4*r + 498 = 5*t, 0 = 3*t + t + 4*r - 384. Calculate the remainder when t is divided by 26.
20
Suppose 5*s + 2 = 5*b - 48, -4*b = -5*s - 38. Calculate the remainder when 46 is divided by b.
10
Suppose -u = 2*r + r - 35, 0 = -5*u + 3*r + 157. Calculate the remainder when (-880)/(-14) - (-1)/7 is divided by u.
31
Let t = -10 + 12. Let q be 1 - t*(-8 - -3). Suppose -14*x + 13*x + q = 0. What is the remainder when 32 is divided by x?
10
Let l(x) = -3*x - 3. Let v be l(-2). Let y(h) = 2*h**2 + h - 10. Calculate the remainder when 30 is divided by y(v).
8
Calculate the remainder when 25 is divided by 1/(-4) - 53*5/(-20).
12
Let q(l) = l**3 + 2*l**2 - l + 2. Let z be q(-2). Suppose -2*j + 6*j = -3*s + 194, z*s = -5*j + 243. What is the remainder when 138 is divided by j?
44
Suppose 0 = 35*n - 37*n + 3*p + 161, 3*p - 392 = -5*n. What is the remainder when n is divided by 34?
11
Let m(y) = 36*y. Let o be m(-2). Let l = o + 24. What is the remainder when (l/10 + 3)*-5 is divided by 6?
3
Let r be (-2 - -2)*(-1)/(-2). Suppose -t = -r*t - 4. Suppose -3*q + t*q = 1. What is the remainder when 3 is divided by q?
0
Let z(s) = -2*s**3 + 3*s + 1. Let v be (-10)/(-4)*8/5. Suppose t = -v*t - 10. What is the remainder when z(t) is divided by 4?
3
Let g = -48 - -63. Calculate the remainder when 26 is divided by g.
11
Let u = 25 - 20. Suppose 14 = u*c - 21. Suppose -2 = b - c. What is the remainder when 13 is divided by b?
3
Let m = 4 + 24. Let p(o) = -4*o - 10. Let u be p(0). Let t = u + m. What is the remainder when 51 is divided by t?
15
Let i(y) = -y**3 + 20*y**2 - 48*y - 33. Calculate the remainder when i(17) is divided by 7.
4
Suppose -2*m + 3*m = 6. Suppose 0 = 3*s - m*s + 96. Suppose -33 = -2*u + u + 4*l, -l = 4*u - 64. What is the remainder when s is divided by u?
15
Suppose -2*i + i + 26 = -3*w, 4*i - 128 = 4*w. What is the remainder when 203 is divided by i?
28
Let i(l) be the second derivative of l**2 + 4*l - 1/3*l**3 + 0 - 1/20*l**5 + 5/12*l**4. What is the remainder when 41 is divided by i(3)?
13
Suppose 20 = -a - n, 5*n - 16 - 10 = 2*a. Let d = -11 - a. What is the remainder when 11 is divided by d?
4
Suppose -18*g - 120 = -8*g. Let z(w) = -w**2 - 15*w - 16. What is the remainder when 58 is divided by z(g)?
18
Let n be 80/(-8)*2/(-4). Suppose -n*c - y = -164, -4 = c - 4*y - 20. Let l = -3 + 20. Calculate the remainder when c is divided by l.
15
Let h be (20/6)/(1/(-3)). Let c = h - -36. What is the remainder when 45 is divided by c?
19
Let i(w) = -w**3 + 10*w**2 - w + 5. Let c be i(8). Let g = c - 92. Calculate the remainder when 38 is divided by g.
5
Suppose 93*i - 6*i - 435 = 0. Suppose 0 = -4*w - 2*q + 68, q = w + 2 - 25. Calculate the remainder when w is divided by i.
4
Suppose 2*u = -3*u + 60. Suppose 4*t - 36 = u. Let b = -11 + t. Calculate the remainder when 1 is divided by b.
0
Suppose 0 = -203*u + 38*u + 3504 - 699. Suppose -3*g + 6 + 9 = 0. What is the remainder when u is divided by g?
2
Let z(q) = 3*q + 3. Let r be 6/(-14) - 45/(-7). What is the remainder when z(r) is divided by -3*((-22)/3)/2?
10
Let m = -14 - -4. Let i(b) = -b**2 - 11*b - 4. Let j be i(m). Let v(g) = g**2 - 6*g + 5. 